{"id":60,"date":"2019-05-04T12:18:47","date_gmt":"2019-05-04T10:18:47","guid":{"rendered":"http:\/\/holmestrand-baatforening.no\/test\/?page_id=60"},"modified":"2025-12-18T13:11:40","modified_gmt":"2025-12-18T12:11:40","slug":"terminliste","status":"publish","type":"page","link":"https:\/\/holmestrand-baatforening.no\/?page_id=60","title":{"rendered":"\u00c5rshjulet"},"content":{"rendered":"\n<figure class=\"wp-block-image size-full\"><img loading=\"lazy\" decoding=\"async\" width=\"225\" height=\"225\" src=\"https:\/\/holmestrand-baatforening.no\/wp-content\/uploads\/2022\/02\/images.png\" alt=\"\" class=\"wp-image-592\" srcset=\"https:\/\/holmestrand-baatforening.no\/wp-content\/uploads\/2022\/02\/images.png 225w, https:\/\/holmestrand-baatforening.no\/wp-content\/uploads\/2022\/02\/images-150x150.png 150w\" sizes=\"auto, (max-width: 225px) 100vw, 225px\" \/><\/figure>\n\n\n\n<p><strong>2026:<\/strong><\/p>\n\n\n\n<p><strong>\u00c5rsm\u00f8te&nbsp;25. februar Kl.18.00&nbsp;B\u00e5thuset<\/strong>&nbsp;<\/p>\n\n\n\n<p><strong>Medlemsm\u00f8te\/Temakveld&nbsp;20. mars Kl.18:00&nbsp;B\u00e5thuset<\/strong><\/p>\n\n\n\n<p><strong>Medlemsm\u00f8te 22 april kl 18.00<\/strong><\/p>\n\n\n\n<p><strong>Dugnad&nbsp;7 mai kl.17.00<\/strong><\/p>\n\n\n\n<p><strong>17 mai frokost&nbsp;17 mai kl.08.00<\/strong><\/p>\n\n\n\n<p><strong>Medlemsm\u00f8te\u00a09 September kl.19.00<\/strong><\/p>\n\n\n\n<p><strong>F\u00f8rste opptak&nbsp;19. September Kl. 0800<\/strong><\/p>\n\n\n\n<p><strong>Andre opptak 3. Oktober Kl.0800<\/strong><\/p>\n\n\n\n<p><strong>Medlemsm\u00f8te 23. Oktober Kl.1800 B\u00e5thuset<\/strong><\/p>\n\n\n\n<p><strong>Julebord 28 November Kl.1800<\/strong>&nbsp;<strong>B\u00e5thuset<\/strong><\/p>\n\n\n\n<p><strong><em>OPPLAGSPLASSEN SKAL V\u00c6RE RYDDET FOR B\u00c5TER\/KRYBBER SENEST 1.MAI, EVNT GJENV\u00c6RENDE VIL BLI KASTET FOR EIERS REGNING<\/em><\/strong><strong><em>.<\/em><\/strong><\/p>\n\n\n\n<p><strong>SP\u00d8RSM\u00c5L VEDR OPPLAG, KONTAKT STYRELEDER<\/strong><br><mark style=\"background-color:rgba(0, 0, 0, 0)\" class=\"has-inline-color has-vivid-red-color\"><strong>Maks 37fot<\/strong><\/mark><\/p>\n\n\n\n<p><\/p>\n\n\n\n<p><\/p>\n","protected":false},"excerpt":{"rendered":"<p>2026: \u00c5rsm\u00f8te&nbsp;25. februar Kl.18.00&nbsp;B\u00e5thuset&nbsp; Medlemsm\u00f8te\/Temakveld&nbsp;20. mars Kl.18:00&nbsp;B\u00e5thuset Medlemsm\u00f8te 22 april kl 18.00 Dugnad&nbsp;7 mai kl.17.00 17 mai frokost&nbsp;17 mai kl.08.00 Medlemsm\u00f8te\u00a09 September kl.19.00 F\u00f8rste opptak&nbsp;19. September Kl. 0800 Andre opptak 3. Oktober Kl.0800 Medlemsm\u00f8te 23. Oktober Kl.1800 B\u00e5thuset Julebord 28 November Kl.1800&nbsp;B\u00e5thuset OPPLAGSPLASSEN SKAL V\u00c6RE RYDDET FOR B\u00c5TER\/KRYBBER SENEST 1.MAI,&hellip; <\/p>\n","protected":false},"author":2,"featured_media":0,"parent":0,"menu_order":0,"comment_status":"closed","ping_status":"closed","template":"","meta":{"footnotes":""},"class_list":["post-60","page","type-page","status-publish","hentry"],"_links":{"self":[{"href":"https:\/\/holmestrand-baatforening.no\/index.php?rest_route=\/wp\/v2\/pages\/60","targetHints":{"allow":["GET"]}}],"collection":[{"href":"https:\/\/holmestrand-baatforening.no\/index.php?rest_route=\/wp\/v2\/pages"}],"about":[{"href":"https:\/\/holmestrand-baatforening.no\/index.php?rest_route=\/wp\/v2\/types\/page"}],"author":[{"embeddable":true,"href":"https:\/\/holmestrand-baatforening.no\/index.php?rest_route=\/wp\/v2\/users\/2"}],"replies":[{"embeddable":true,"href":"https:\/\/holmestrand-baatforening.no\/index.php?rest_route=%2Fwp%2Fv2%2Fcomments&post=60"}],"version-history":[{"count":48,"href":"https:\/\/holmestrand-baatforening.no\/index.php?rest_route=\/wp\/v2\/pages\/60\/revisions"}],"predecessor-version":[{"id":1086,"href":"https:\/\/holmestrand-baatforening.no\/index.php?rest_route=\/wp\/v2\/pages\/60\/revisions\/1086"}],"wp:attachment":[{"href":"https:\/\/holmestrand-baatforening.no\/index.php?rest_route=%2Fwp%2Fv2%2Fmedia&parent=60"}],"curies":[{"name":"wp","href":"https:\/\/api.w.org\/{rel}","templated":true}]}}