{"id":49,"date":"2019-05-04T11:25:44","date_gmt":"2019-05-04T09:25:44","guid":{"rendered":"http:\/\/holmestrand-baatforening.no\/test\/?page_id=49"},"modified":"2022-02-08T10:52:40","modified_gmt":"2022-02-08T09:52:40","slug":"kontaktinformasjon","status":"publish","type":"page","link":"https:\/\/holmestrand-baatforening.no\/?page_id=49","title":{"rendered":"Medlem"},"content":{"rendered":"\n<div class=\"wp-block-image\"><figure class=\"aligncenter size-full\"><img loading=\"lazy\" decoding=\"async\" width=\"300\" height=\"136\" src=\"https:\/\/holmestrand-baatforening.no\/wp-content\/uploads\/2022\/02\/Bli-medlem.jpg\" alt=\"\" class=\"wp-image-571\"\/><\/figure><\/div>\n\n\n\n<p>For \u00e5 ha b\u00e5tplass m\u00e5 man enten v\u00e6re medlem av Holmestrand b\u00e5tforening, eller Holmestrand seilforening.  Dette er en forutsetning for at vi kan drive havna i byen p\u00e5 vegne av kommunen, uten at vi beh\u00f8ver \u00e5 sette ut innkj\u00f8p og tjenester p\u00e5 offentlige anbud. Medlemsavgiften innkreves sammen med b\u00e5tplassavgiften, og fordeles p\u00e5 b\u00e5tforeningen&nbsp;og seilforeningen etter hvor&nbsp;man er medlem.<\/p>\n\n\n\n<p>De som ikke har b\u00e5t i Holmestrand men allikevel \u00f8nsker \u00e5 v\u00e6re medlem i v\u00e5r forening, kan sende en e-post til oss, s\u00e5 tar vi kontakt. <strong><a href=\"mailto:holmestrandbaatforening@gmail.com\">Holmestrand B\u00e5tforening<\/a><\/strong><\/p>\n","protected":false},"excerpt":{"rendered":"<p>For \u00e5 ha b\u00e5tplass m\u00e5 man enten v\u00e6re medlem av Holmestrand b\u00e5tforening, eller Holmestrand seilforening. Dette er en forutsetning for at vi kan drive havna i byen p\u00e5 vegne av kommunen, uten at vi beh\u00f8ver \u00e5 sette ut innkj\u00f8p og tjenester p\u00e5 offentlige anbud. Medlemsavgiften innkreves sammen med b\u00e5tplassavgiften, og&hellip; <\/p>\n","protected":false},"author":2,"featured_media":0,"parent":0,"menu_order":0,"comment_status":"closed","ping_status":"closed","template":"","meta":{"footnotes":""},"class_list":["post-49","page","type-page","status-publish","hentry"],"_links":{"self":[{"href":"https:\/\/holmestrand-baatforening.no\/index.php?rest_route=\/wp\/v2\/pages\/49","targetHints":{"allow":["GET"]}}],"collection":[{"href":"https:\/\/holmestrand-baatforening.no\/index.php?rest_route=\/wp\/v2\/pages"}],"about":[{"href":"https:\/\/holmestrand-baatforening.no\/index.php?rest_route=\/wp\/v2\/types\/page"}],"author":[{"embeddable":true,"href":"https:\/\/holmestrand-baatforening.no\/index.php?rest_route=\/wp\/v2\/users\/2"}],"replies":[{"embeddable":true,"href":"https:\/\/holmestrand-baatforening.no\/index.php?rest_route=%2Fwp%2Fv2%2Fcomments&post=49"}],"version-history":[{"count":9,"href":"https:\/\/holmestrand-baatforening.no\/index.php?rest_route=\/wp\/v2\/pages\/49\/revisions"}],"predecessor-version":[{"id":579,"href":"https:\/\/holmestrand-baatforening.no\/index.php?rest_route=\/wp\/v2\/pages\/49\/revisions\/579"}],"wp:attachment":[{"href":"https:\/\/holmestrand-baatforening.no\/index.php?rest_route=%2Fwp%2Fv2%2Fmedia&parent=49"}],"curies":[{"name":"wp","href":"https:\/\/api.w.org\/{rel}","templated":true}]}}