{"id":172,"date":"2019-05-14T12:34:08","date_gmt":"2019-05-14T10:34:08","guid":{"rendered":"https:\/\/holmestrand-baatforening.no\/?page_id=172"},"modified":"2022-03-23T13:42:45","modified_gmt":"2022-03-23T12:42:45","slug":"batplass","status":"publish","type":"page","link":"https:\/\/holmestrand-baatforening.no\/?page_id=172","title":{"rendered":"B\u00e5tplass"},"content":{"rendered":"\n<p>Holmestrand B\u00e5tforening tildeler ikke b\u00e5tplasser. F\u00f8lg lenke under.<\/p>\n\n\n\n<p><\/p>\n\n\n\n<div class=\"wp-block-image\"><figure class=\"alignleft size-full\"><a href=\"https:\/\/holmestrandsmabathavn.no\/\"><img loading=\"lazy\" decoding=\"async\" width=\"238\" height=\"62\" src=\"https:\/\/holmestrand-baatforening.no\/wp-content\/uploads\/2022\/02\/HBF_logo6.jpg\" alt=\"\" class=\"wp-image-568\"\/><\/a><figcaption>Kontakt Holmestrand Sm\u00e5b\u00e5thavn <a href=\"https:\/\/holmestrandsmabathavn.no\/\" target=\"_blank\" rel=\"noreferrer noopener\">https:\/\/holmestrandsmabathavn.no\/<\/a><\/figcaption><\/figure><\/div>\n\n\n\n<p><br><br><\/p>\n","protected":false},"excerpt":{"rendered":"<p>Holmestrand B\u00e5tforening tildeler ikke b\u00e5tplasser. F\u00f8lg lenke under.<\/p>\n","protected":false},"author":2,"featured_media":0,"parent":0,"menu_order":0,"comment_status":"closed","ping_status":"closed","template":"","meta":{"footnotes":""},"class_list":["post-172","page","type-page","status-publish","hentry"],"_links":{"self":[{"href":"https:\/\/holmestrand-baatforening.no\/index.php?rest_route=\/wp\/v2\/pages\/172","targetHints":{"allow":["GET"]}}],"collection":[{"href":"https:\/\/holmestrand-baatforening.no\/index.php?rest_route=\/wp\/v2\/pages"}],"about":[{"href":"https:\/\/holmestrand-baatforening.no\/index.php?rest_route=\/wp\/v2\/types\/page"}],"author":[{"embeddable":true,"href":"https:\/\/holmestrand-baatforening.no\/index.php?rest_route=\/wp\/v2\/users\/2"}],"replies":[{"embeddable":true,"href":"https:\/\/holmestrand-baatforening.no\/index.php?rest_route=%2Fwp%2Fv2%2Fcomments&post=172"}],"version-history":[{"count":5,"href":"https:\/\/holmestrand-baatforening.no\/index.php?rest_route=\/wp\/v2\/pages\/172\/revisions"}],"predecessor-version":[{"id":624,"href":"https:\/\/holmestrand-baatforening.no\/index.php?rest_route=\/wp\/v2\/pages\/172\/revisions\/624"}],"wp:attachment":[{"href":"https:\/\/holmestrand-baatforening.no\/index.php?rest_route=%2Fwp%2Fv2%2Fmedia&parent=172"}],"curies":[{"name":"wp","href":"https:\/\/api.w.org\/{rel}","templated":true}]}}